{"id":352,"date":"2016-10-10T15:05:59","date_gmt":"2016-10-10T13:05:59","guid":{"rendered":"http:\/\/www.sv-heiligenfelde.de\/wordpress\/?page_id=352"},"modified":"2017-02-24T15:36:09","modified_gmt":"2017-02-24T14:36:09","slug":"vereinsheim","status":"publish","type":"page","link":"https:\/\/www.sv-heiligenfelde.de\/wordpress\/vereinsheim\/","title":{"rendered":"Vereinsheim"},"content":{"rendered":"<div class=\"flex_column av_one_full  flex_column_div av-zero-column-padding first  \" style='border-radius:0px; '><div style='padding-bottom:10px;' class='av-special-heading av-special-heading-h3    '><h3 class='av-special-heading-tag '  itemprop=\"headline\"  >Unser Vereinsheim &#8211; Das DGH<\/h3><div class='special-heading-border'><div class='special-heading-inner-border' ><\/div><\/div><\/div><\/div>\n<section class=\"av_textblock_section \"  itemscope=\"itemscope\" itemtype=\"https:\/\/schema.org\/CreativeWork\" ><div class='avia_textblock  '   itemprop=\"text\" ><p>Das Dorfgemeinschaftshaus in Heiligenfelde bietet zum Vereinsheim, eine Terrasse und verschiedene S\u00e4le, die Vereinsmitglieder und G\u00e4ste erm\u00f6glicht wundersch\u00f6ne Stunden zu verbringen.<\/p>\n<\/div><\/section>\n<div class=\"flex_column av_one_full  flex_column_div av-zero-column-padding first  \" style='border-radius:0px; '><div style='padding-bottom:10px;' class='av-special-heading av-special-heading-h3    '><h3 class='av-special-heading-tag '  itemprop=\"headline\"  >Vereinsheim<\/h3><div class='special-heading-border'><div class='special-heading-inner-border' ><\/div><\/div><\/div><\/div>\n<div class='avia-gallery  avia-gallery-1 avia_lazyload avia_animate_when_visible '  itemprop=\"ImageObject\" itemscope=\"itemscope\" itemtype=\"https:\/\/schema.org\/ImageObject\" ><div class='avia-gallery-thumb'> <a href='https:\/\/www.sv-heiligenfelde.de\/wordpress\/wp-content\/uploads\/2016\/10\/IMG-20170224-WA00121-1030x579.jpg' data-rel='gallery-1' data-prev-img='https:\/\/www.sv-heiligenfelde.de\/wordpress\/wp-content\/uploads\/2016\/10\/IMG-20170224-WA00121-495x400.jpg' class='first_thumb lightbox ' data-onclick='1' title=''  itemprop=\"thumbnailUrl\" ><img  src='https:\/\/www.sv-heiligenfelde.de\/wordpress\/wp-content\/uploads\/2016\/10\/IMG-20170224-WA00121-495x400.jpg' width='495' height='400'  title='IMG-20170224-WA0012(1)' alt='' \/><\/a> <a href='https:\/\/www.sv-heiligenfelde.de\/wordpress\/wp-content\/uploads\/2016\/10\/IMG-20170224-WA0012-1030x579.jpg' data-rel='gallery-1' data-prev-img='https:\/\/www.sv-heiligenfelde.de\/wordpress\/wp-content\/uploads\/2016\/10\/IMG-20170224-WA0012-495x400.jpg' class='lightbox ' data-onclick='2' title=''  itemprop=\"thumbnailUrl\" ><img  src='https:\/\/www.sv-heiligenfelde.de\/wordpress\/wp-content\/uploads\/2016\/10\/IMG-20170224-WA0012-495x400.jpg' width='495' height='400'  title='IMG-20170224-WA0012' alt='' \/><\/a><\/div><\/div>\n<div style='padding-bottom:10px;' class='av-special-heading av-special-heading-h3     '><h3 class='av-special-heading-tag '  itemprop=\"headline\"  >Terrasse<\/h3><div class='special-heading-border'><div class='special-heading-inner-border' ><\/div><\/div><\/div>\n<div class='avia-gallery  avia-gallery-2 avia_lazyload avia_animate_when_visible '  itemprop=\"ImageObject\" itemscope=\"itemscope\" itemtype=\"https:\/\/schema.org\/ImageObject\" ><div class='avia-gallery-thumb'> <a href='https:\/\/www.sv-heiligenfelde.de\/wordpress\/wp-content\/uploads\/2016\/10\/IMG-20170224-WA0008-1030x579.jpg' data-rel='gallery-2' data-prev-img='https:\/\/www.sv-heiligenfelde.de\/wordpress\/wp-content\/uploads\/2016\/10\/IMG-20170224-WA0008-495x400.jpg' class='first_thumb lightbox ' data-onclick='1' title=''  itemprop=\"thumbnailUrl\" ><img  src='https:\/\/www.sv-heiligenfelde.de\/wordpress\/wp-content\/uploads\/2016\/10\/IMG-20170224-WA0008-495x400.jpg' width='495' height='400'  title='IMG-20170224-WA0008' alt='' \/><\/a> <a href='https:\/\/www.sv-heiligenfelde.de\/wordpress\/wp-content\/uploads\/2016\/10\/IMG-20170224-WA0009-1030x579.jpg' data-rel='gallery-2' data-prev-img='https:\/\/www.sv-heiligenfelde.de\/wordpress\/wp-content\/uploads\/2016\/10\/IMG-20170224-WA0009-495x400.jpg' class='lightbox ' data-onclick='2' title=''  itemprop=\"thumbnailUrl\" ><img  src='https:\/\/www.sv-heiligenfelde.de\/wordpress\/wp-content\/uploads\/2016\/10\/IMG-20170224-WA0009-495x400.jpg' width='495' height='400'  title='IMG-20170224-WA0009' alt='' \/><\/a> <a href='https:\/\/www.sv-heiligenfelde.de\/wordpress\/wp-content\/uploads\/2016\/10\/IMG-20170224-WA0010-1030x579.jpg' data-rel='gallery-2' data-prev-img='https:\/\/www.sv-heiligenfelde.de\/wordpress\/wp-content\/uploads\/2016\/10\/IMG-20170224-WA0010-495x400.jpg' class='lightbox ' data-onclick='3' title=''  itemprop=\"thumbnailUrl\" ><img  src='https:\/\/www.sv-heiligenfelde.de\/wordpress\/wp-content\/uploads\/2016\/10\/IMG-20170224-WA0010-495x400.jpg' width='495' height='400'  title='IMG-20170224-WA0010' alt='' \/><\/a><\/div><\/div>\n<div style='padding-bottom:10px;' class='av-special-heading av-special-heading-h3     '><h3 class='av-special-heading-tag '  itemprop=\"headline\"  >Saal<\/h3><div class='special-heading-border'><div class='special-heading-inner-border' ><\/div><\/div><\/div>\n<div class='avia-gallery  avia-gallery-3 avia_lazyload avia_animate_when_visible '  itemprop=\"ImageObject\" itemscope=\"itemscope\" itemtype=\"https:\/\/schema.org\/ImageObject\" ><div class='avia-gallery-thumb'> <a href='https:\/\/www.sv-heiligenfelde.de\/wordpress\/wp-content\/uploads\/2016\/10\/IMG-20170224-WA00131-579x1030.jpg' data-rel='gallery-3' data-prev-img='https:\/\/www.sv-heiligenfelde.de\/wordpress\/wp-content\/uploads\/2016\/10\/IMG-20170224-WA00131-495x400.jpg' class='first_thumb lightbox ' data-onclick='1' title=''  itemprop=\"thumbnailUrl\" ><img  src='https:\/\/www.sv-heiligenfelde.de\/wordpress\/wp-content\/uploads\/2016\/10\/IMG-20170224-WA00131-495x400.jpg' width='495' height='400'  title='IMG-20170224-WA0013(1)' alt='' \/><\/a><\/div><\/div>\n","protected":false},"excerpt":{"rendered":"","protected":false},"author":2,"featured_media":0,"parent":0,"menu_order":0,"comment_status":"closed","ping_status":"closed","template":"","meta":{"footnotes":""},"_links":{"self":[{"href":"https:\/\/www.sv-heiligenfelde.de\/wordpress\/wp-json\/wp\/v2\/pages\/352"}],"collection":[{"href":"https:\/\/www.sv-heiligenfelde.de\/wordpress\/wp-json\/wp\/v2\/pages"}],"about":[{"href":"https:\/\/www.sv-heiligenfelde.de\/wordpress\/wp-json\/wp\/v2\/types\/page"}],"author":[{"embeddable":true,"href":"https:\/\/www.sv-heiligenfelde.de\/wordpress\/wp-json\/wp\/v2\/users\/2"}],"replies":[{"embeddable":true,"href":"https:\/\/www.sv-heiligenfelde.de\/wordpress\/wp-json\/wp\/v2\/comments?post=352"}],"version-history":[{"count":5,"href":"https:\/\/www.sv-heiligenfelde.de\/wordpress\/wp-json\/wp\/v2\/pages\/352\/revisions"}],"predecessor-version":[{"id":995,"href":"https:\/\/www.sv-heiligenfelde.de\/wordpress\/wp-json\/wp\/v2\/pages\/352\/revisions\/995"}],"wp:attachment":[{"href":"https:\/\/www.sv-heiligenfelde.de\/wordpress\/wp-json\/wp\/v2\/media?parent=352"}],"curies":[{"name":"wp","href":"https:\/\/api.w.org\/{rel}","templated":true}]}}